 -c**3 - 3*c**2 + c - 3. What are the prime factors of x(z)?
3
Let n(c) = c**3 + 13*c**2 - 16*c - 21. What are the prime factors of n(-14)?
7
Let b = 38 - 21. What are the prime factors of b?
17
Let k(a) = -4*a - 16. Let c be k(-4). Let g(j) be the first derivative of j**2/2 + 14*j - 1. List the prime factors of g(c).
2, 7
Let p = -4 + 7. Suppose -p*k + 52 = k. What are the prime factors of k?
13
Let x(m) = -m - 9. Let g be x(-7). Let h be -1 + 0/g + -5. Let a = h - -12. List the prime factors of a.
2, 3
Let z = -2 - -6. Suppose 24 = -z*a + 92. Suppose a = j + 6. What are the prime factors of j?
11
Let s = 213 - 46. List the prime factors of s.
167
Let f = 145 + -83. What are the prime factors of f?
2, 31
Let n(x) = -x**2 + 6*x + 10. Let m be n(7). Suppose -3*f - 2*f + 60 = 3*s, 2*f = 3*s + m. What are the prime factors of f?
3
Let z be (1 + -2)*(0 - 2). Suppose -j - 11 = -z*j. Suppose 0*h - j = -h. What are the prime factors of h?
11
Let i = -6 - -2. Let r = 2 + i. Let h = 3 - r. What are the prime factors of h?
5
Let x = -17 - -28. Let p = x - 8. Suppose 9 + p = n. What are the prime factors of n?
2, 3
Let b(s) = s**3 - 13*s**2 + 14*s - 10. Let h be b(12). Let r = 4 + h. List the prime factors of r.
2, 3
Let t(g) = -2*g - 2. Let j(k) = -3*k - 2. Let f(l) = -5*j(l) + 6*t(l). Let v be f(-5). What are the prime factors of 2/(-4) + v/(-2)?
2
Suppose 14 = 5*t + 4. Let p(l) = 7*l**2 - 3*l + 1. What are the prime factors of p(t)?
23
What are the prime factors of (-15)/(-25) - 624/(-10) - -3?
2, 3, 11
Suppose 63 = k + 2*k - 3*a, -44 = -2*k + 4*a. Suppose 34 + 2 = 3*v. Let n = k - v. What are the prime factors of n?
2
Suppose -4*f + 2*m + 142 = -0*m, -3*f + m = -108. List the prime factors of f.
37
Let w(k) be the second derivative of k**4/12 - 2*k**3/3 + 5*k**2/2 + 2*k. What are the prime factors of w(4)?
5
Let g = -1 + 3. Suppose 2*f - 3*h = -3, -f - 3*h = -g*h - 11. Suppose -f*j + 4*j + 22 = 0. List the prime factors of j.
11
Let g be (-18)/14 + 4/14. What are the prime factors of -2 + ((-1)/g - -24)?
23
Suppose 0 = -6*x + 2 + 538. List the prime factors of x.
2, 3, 5
Suppose 0 = -3*x - w + 13, 0*x + 10 = 3*x - 2*w. Suppose 0*j - x*j + 116 = 0. What are the prime factors of j?
29
Let r = -3 - -5. Let k be (r*-1)/((-4)/(-26)). Let x = k + 24. What are the prime factors of x?
11
Suppose 3*h = 5*i - 30, 0 = i - 0*h - h - 8. Suppose 14 = 2*m - 4*c - 32, -3*c - 72 = -i*m. What are the prime factors of m?
5
Let x(b) = b**2 - b - 7. Let a(v) = -2*v**2 + 2*v + 14. Let m(g) = -4*a(g) - 7*x(g). What are the prime factors of m(-5)?
23
List the prime factors of 85 + 19 + (1 - 0).
3, 5, 7
Let j(q) = 6*q**2 + 2*q + 3. Let v(d) = 9*d**2 + 3*d + 5. Let h(k) = 8*j(k) - 5*v(k). List the prime factors of h(2).
13
Let b = -12 + 17. Suppose b*v - 22 = 38. Suppose 0 = -2*y + v + 2. What are the prime factors of y?
7
What are the prime factors of 10/15 - 93/(-9)?
11
Let r = -4 + 6. Let p be ((-4)/8 - -1)*1*4. Suppose 5*a = -r*h + 90, -3*a = p*a - 4*h - 120. List the prime factors of a.
2, 5
Let t = -74 - -177. Suppose 2*r - 48 = -2*l, 4*l - r - t = 18. Let j = l - 17. List the prime factors of j.
2, 3
Suppose 5*o + 17 = -4*z, -4*o + 8*z - 3*z = -11. Let v = 16 + o. Suppose -v = -a - 2*a. What are the prime factors of a?
5
Let w(s) = -s**3 + s**2 + 4*s - 3. Let y be w(2). Let p be ((-77)/21)/(y/(-3)). Suppose 4*i - 8 = -5*l, 4*l = i + p + 8. What are the prime factors of l?
2
Let o = 373 + -194. List the prime factors of o.
179
Suppose 10*h - 7*h = 105. List the prime factors of h.
5, 7
Suppose 425 = 4*o + 3*i, o + 2*i - 112 = 7*i. Let u = -68 + o. List the prime factors of u.
3, 13
Let d(z) = 7*z. Let m be d(4). Suppose -l = 3*l + m. Let a = l - -19. What are the prime factors of a?
2, 3
Suppose 3*p = 79 + 179. Suppose -5*f + 0*f = -o - p, f - o - 14 = 0. List the prime factors of 140/f + 16/72.
2
Let z = -66 - -102. What are the prime factors of z?
2, 3
Let f = -23 - -65. Suppose -43 - f = -5*c. What are the prime factors of c?
17
Suppose 0 = 3*m + 2*c + 29, 2*c = 5*m + 32 + 43. Let r = m + 18. List the prime factors of r.
5
Let p(u) = -6*u - 2. What are the prime factors of p(-4)?
2, 11
Let l = 110 - 78. What are the prime factors of l?
2
Let t be 22*(6/3)/4. Let n = t - 7. Suppose 0 = -4*v + u + 49, -3*v - n*u + 35 = 2*v. What are the prime factors of v?
11
Suppose 5*i - 30 = w - 0*i, 5*i = -5*w - 30. Let s(d) = d**2 + 9*d + 13. What are the prime factors of s(w)?
23
Suppose -4*i + 2*i = -54. Suppose -4*f = -3*f + 5*u + i, -17 = f + 3*u. Let v = f - -11. What are the prime factors of v?
3
Let b(f) be the first derivative of -3*f**2/2 + 2*f + 4. What are the prime factors of b(-6)?
2, 5
Suppose -8*b = -11*b + 177. Let c = b - 35. List the prime factors of c.
2, 3
Let l(i) = i**3 + 4*i**2 - 5*i - 3. Let r be l(-5). Let a(n) = -10*n - 3. What are the prime factors of a(r)?
3
What are the prime factors of (-24)/(-18)*(-282)/(-8)?
47
Let i(p) = p + 7. Let q be 6 + 0 + 2 + -2. List the prime factors of i(q).
13
Suppose 2*i + 15 = k, 3*i + 0 = -2*k - 19. Let b = -2 - i. What are the prime factors of b?
5
Suppose 5*w + 2*u - 6 = 0, -w - 5 = -5*u - 17. List the prime factors of (w + 2)*(-65)/(-10).
2, 13
Suppose -3*r + 20 = -19. Let i = r - 4. List the prime factors of i.
3
Suppose 1195 = -4*h + 8*h - 3*i, -4*i = 2*h - 614. What are the prime factors of h?
7, 43
Let a = 6 + 21. Let b be (a - -3)*4/(-10). List the prime factors of b/30 + 54/10.
5
Let b(n) be the first derivative of -n**3/3 - 4*n**2 - 3*n - 3. List the prime factors of b(-6).
3
Suppose -3*w = -5*x + 166, 2*w + 3 = 3*w. Let t(n) = n**3 - 4*n**2 - 9*n + 2. Let l be t(6). Let s = x - l. What are the prime factors of s?
3, 5
Let m(t) = t + 5. Let o be m(-13). Let s = o + 22. List the prime factors of s.
2, 7
What are the prime factors of 108/180 - (-164)/10?
17
Suppose 4*z + 0*b + 2*b - 124 = 0, 0 = 2*b + 8. What are the prime factors of z?
3, 11
Let q(d) = 10*d - 14. List the prime factors of q(4).
2, 13
Suppose -2*t + 15 = -6*t - 3*v, 2*t - 25 = 5*v. Suppose t*c - 13 = -4*m - c, 5*m - 29 = 3*c. List the prime factors of m.
2
Let c(p) = 2*p. Let t be c(1). Suppose -t*h = -53 - 25. Suppose -4*z + 5 + h = 0. List the prime factors of z.
11
Suppose -5*l + 151 - 31 = 0. List the prime factors of l.
2, 3
Let u be (18/4)/(4/88). Suppose -21 = 2*m - u. What are the prime factors of m?
3, 13
Suppose 0 = -j + 8*n - 3*n - 22, -3*j - 10 = -n. Let a = 8 + j. What are the prime factors of a?
2, 3
Let v(n) = n**2 + 2*n - 9. List the prime factors of v(-5).
2, 3
Let h = 28 + -10. Suppose 5*p + h = 4*p. Let v = p - -25. What are the prime factors of v?
7
Suppose -30 = 4*q + 34. List the prime factors of ((-98)/(-8))/((-4)/q).
7
Suppose 2*m = -3*r - 7, -5*m - 15 = -2*r + 7*r. List the prime factors of 12/8*(15 + r).
3, 7
Let l(s) = s**3 - 2*s**2 + s. Let c be l(2). Let g be c/3 - 2/3. Suppose 4*n + 0*n - 2*t - 44 = g, -3*n = t - 23. List the prime factors of n.
3
Let z = -12 + 18. Let m be 8/z*(-1 - -7). Suppose 22 = 5*g - m. What are the prime factors of g?
2, 3
Let i be (8/(-24))/((-3)/81). Suppose -i*d = -13*d + 160. List the prime factors of d.
2, 5
Let g(q) = q**3 + 7*q**2 + 5*q + 8. Let j(p) = -p**2 + 8*p - 9. Let w be j(6). Suppose -l + 3*n = 0, w*l + 12 = -0*n + 3*n. What are the prime factors of g(l)?
2, 7
Let p = 40 - -70. List the prime factors of p.
2, 5, 11
Let h = 299 + -82. What are the prime factors of h?
7, 31
Let c be ((-2)/6)/(2/(-30)). Let a(l) = -l - l**2 + 4*l - 2 + 3*l. List the prime factors of a(c).
3
What are the prime factors of (-60)/(-18)*(-9)/(-6)*41?
5, 41
Suppose 45 = 6*h - h. Let m(u) = u - 6. Let o be m(h). Suppose o*k - 9 = -0*k. List the prime factors of k.
3
Let u(w) = w**2 - 2*w - 1. Let s be u(3). Suppose 40 = 2*p + s*p. What are the prime factors of p?
2, 5
Let n = 131 - 31. List the prime factors of n.
2, 5
Let o be -4 + (3 - (0 - 0)). What are the prime factors of ((-4 + 3)*30)/o?
2, 3, 5
Suppose 4*j - 2*v - 82 = 0, -43 - 48 = -4*j - v. What are the prime factors of j?
2, 11
Let u(i) = 4*i**2 + 10*i - 48. Let k(d) = -3*d**2 - 7*d + 32. Let l(o) = 7*k(o) + 5*u(o). Let q be l(0). Let y = q + 30. List the prime factors of y.
2, 7
Suppose 2*b = -2*b - 24. Let n be 1/((9/b)/(-3)). Suppose 